 is -5 + -381495?
-38149a
In base 13, what is -4b738 + a?
-4b72b
In base 2, what is -100 - -110010011100101001110100?
110010011100101001110000
In base 14, what is -ac922ad - -7?
-ac922a6
In base 10, what is -3619 + 15648?
12029
In base 13, what is -8c + 203084?
202cc5
In base 16, what is -2 - 1917a62?
-1917a64
In base 3, what is -11201202 - 11022112112?
-11111021021
In base 16, what is -3 - 11cb7d?
-11cb80
In base 14, what is -647c49d + -9?
-647c4a8
In base 11, what is 11a1a14 + 6?
11a1a1a
In base 10, what is -1 - 88795330?
-88795331
In base 16, what is 2fe8 + 13b?
3123
In base 2, what is 100110101110 - 1000000110011010?
-111011111101100
In base 14, what is b76a833 + -1?
b76a832
In base 3, what is -10 + 202220001112020?
202220001112010
In base 6, what is -124522 + 135015?
10053
In base 6, what is -351015 + 10545?
-340030
In base 16, what is -5 + -107af?
-107b4
In base 5, what is -122121331 + 22?
-122121304
In base 6, what is 5 - 340011544?
-340011535
In base 2, what is 10101001011100110101011001 - 10?
10101001011100110101010111
In base 5, what is 101 - -3043240103?
3043240204
In base 10, what is 9 + -1813905?
-1813896
In base 10, what is -5883 - -25267?
19384
In base 15, what is 46dd37 - -6?
46dd3d
In base 12, what is 102a + -15447?
-14419
In base 12, what is 8b - 427387?
-4272b8
In base 2, what is 101 - 100100000111100011101?
-100100000111100011000
In base 12, what is -35b5887 - 1?
-35b5888
In base 11, what is -16460038 - -2?
-16460036
In base 2, what is -1011100 + -10001001101010001?
-10001001110101101
In base 6, what is 3143022335 - 3?
3143022332
In base 14, what is 2c0a + 12db?
4107
In base 10, what is -436412000 - 3?
-436412003
In base 16, what is -3a8361 + fa?
-3a8267
In base 11, what is 30643 + 118?
30760
In base 13, what is -2597a52 - 31?
-2597a83
In base 7, what is -4 + 136510152?
136510145
In base 13, what is -6053a5a - 2?
-6053a5c
In base 14, what is 2b - 172106?
-1720b9
In base 2, what is 110110110110000010111001001 + 101?
110110110110000010111001110
In base 7, what is 44652 + -100435?
-22453
In base 10, what is 5 - -23064590?
23064595
In base 4, what is -223020320330 + -3?
-223020320333
In base 13, what is -1676 + b146?
97a0
In base 9, what is -1370156 - -38?
-1370117
In base 2, what is 1 + -10010101101000110001000000?
-10010101101000110000111111
In base 10, what is -1346569 + -470?
-1347039
In base 3, what is 2212221 - -20122120?
100112111
In base 8, what is 43604761 + 14?
43604775
In base 13, what is cc0174 - -2?
cc0176
In base 12, what is -16840 - 110?
-16950
In base 4, what is -100012201 - 130030?
-100202231
In base 12, what is 19 + -201627a?
-2016261
In base 3, what is -10 + 2212220120220?
2212220120210
In base 13, what is -561766 + -7?
-561770
In base 2, what is -100000110001111000 + -1001?
-100000110010000001
In base 13, what is 45b611 + 4?
45b615
In base 9, what is 4786 - -261158?
266055
In base 11, what is -36440861 + 0?
-36440861
In base 15, what is -8 + -12caaa?
-12cab3
In base 7, what is 3 - -5523353166?
5523353202
In base 12, what is -123 + 3b8882?
3b875b
In base 2, what is 100110 - 10110001001000001111011?
-10110001001000001010101
In base 2, what is 100000 + -10111110110011111100?
-10111110110011011100
In base 5, what is 2 + -113444321?
-113444314
In base 8, what is -230 - 125742?
-126172
In base 3, what is -110201120111002 + -11?
-110201120111020
In base 14, what is 13a4164 + 15?
13a4179
In base 7, what is -2264 - 2423646?
-2426243
In base 8, what is -3 - -12612372?
12612367
In base 2, what is -1111110000 - 10000011?
-10001110011
In base 5, what is -413244 + -1004?
-414303
In base 9, what is 10163 - -1205?
11368
In base 9, what is -2838 - 206133?
-210072
In base 8, what is 7627252 - 1?
7627251
In base 6, what is -21 + -1352002104?
-1352002125
In base 2, what is 10110 - 100011011011010101001?
-100011011011010010011
In base 4, what is 20 - -2202003311302?
2202003311322
In base 2, what is 101011100 + 10110010111?
11011110011
In base 11, what is 5 - -3374512?
3374517
In base 6, what is 25255050250 - -3?
25255050253
In base 8, what is -275513276 + 5?
-275513271
In base 4, what is 201 - -301321311?
301322112
In base 2, what is 100000010011010010 - -100111101?
100000011000001111
In base 10, what is 123733 + 153?
123886
In base 6, what is -35 - -450232003?
450231524
In base 7, what is -6251440 - 20?
-6251460
In base 15, what is -203d0a + 2?
-203d08
In base 4, what is 11333312 - 3123?
11330123
In base 6, what is 10 - -141130551?
141131001
In base 9, what is -6815724 - -1?
-6815723
In base 11, what is 0 - -33454621?
33454621
In base 13, what is -14a055 - 4?
-14a059
In base 16, what is 4 + -488d5d?
-488d59
In base 6, what is 10512232 - -332?
10513004
In base 12, what is 11aa018 + 11a?
11aa136
In base 16, what is 2 - f2a15?
-f2a13
In base 16, what is 1c61f + -711?
1bf0e
In base 8, what is -1511 + -1355427?
-1357140
In base 12, what is 34 + -20215b0?
-2021578
In base 15, what is -16c - -2cc34d?
2cc1d1
In base 14, what is -22 + 3da6a0?
3da67c
In base 9, what is -540 - -488617?
488067
In base 11, what is 117316 + -25?
1172a1
In base 3, what is 20011001 - 2102?
20001122
In base 6, what is 1141 - -1152505?
1154050
In base 11, what is 563761 - -407?
564068
In base 6, what is -2 + 101351000101?
101351000055
In base 16, what is 2c8a + -49?
2c41
In base 11, what is -97320134 - 1?
-97320135
In base 7, what is -2131646 - 264?
-2132243
In base 7, what is 1664652 + 116?
1665101
In base 16, what is 100 + -46c2?
-45c2
In base 12, what is 36aa7028 + 4?
36aa7030
In base 12, what is -56560b0 - -2?
-56560aa
In base 10, what is 6 - 4243094?
-4243088
In base 14, what is 36b4b66 - -4?
36b4b6a
In base 14, what is -390 - 66b9?
-6a69
In base 9, what is 40 - 386686?
-386646
In base 4, what is 2330132223331 + -3?
2330132223322
In base 8, what is -17 - -120463720?
120463701
In base 9, what is -1471507 - 263?
-1471771
In base 2, what is 10000101 + 10010100011111100?
10010100110000001
In base 16, what is 93 - -69f0?
6a83
In base 11, what is 24398 - 3a2?
23aa6
In base 13, what is 20397b6 - -2?
20397b8
In base 10, what is 0 + 958779?
958779
In base 14, what is -a543 + -85?
-a5c8
In base 12, what is 1b + -15168?
-15149
In base 5, what is 233124 + -2004?
231120
In base 10, what is 87004995 + -4?
87004991
In base 3, what is 120210112211201 + 11?
120210112211212
In base 8, what is -1442452 - 4?
-1442456
In base 3, what is 120200110212 + -212?
120200110000
In base 2, what is 10000011001 + 1101101100100000000?
1101101110100011001
In base 9, what is 552548 + 24?
552573
In base 2, what is 1001101 - 10000001001101?
-10000000000000
In base 10, what is 7 + 20881347?
20881354
In base 5, what is 22420230 - -2?
22420232
In base 6, what is 142013051 - 525?
142012122
In base 3, what is -1002000121212211 - -1?
-1002000121212210
In base 3, what is 101 + 2202201202110?
2202201202211
In base 15, what is 193114 - -2?
193116
In base 7, what is 30643512 + -15?
30643464
In base 5, what is 34312 + -3100030?
-3010213
In base 10, what is -17998747 + -1?
-17998748
In base 2, what is -10101001101010011000111 + -10?
-10101001101010011001001
In base 14, what is dd038b - -3?
dd0390
In base 7, what is 12350364 + 56?
12350453
In base 10, what is 1 + -2054331?
-2054330
In base 4, what is 1 + 113122122331?
113122122332
In base 14, what is 3a8 + 214d37?
215301
In base 4, what is -13212332 + 10201012?
-3011320
In base 11, what is -10 + 5377099?
5377089
In base 10, what is 28 - 77290?
-77262
In base 13, what is b + -13a04b0?
-13a04a2
In base 11, what is 34 + -116209?
-116185
In base 3, what is 12 + 11002100221010?
11002100221022
In base 6, what is 5 + -33100142354?
-33100142345
In base 10, what is 2 + -864019?
-864017
In base 12, what is 1105 - -752b?
8634
In base 10, what is -3 + 2518325?
2518322
In base 13, what is 1ca75c046 - -5?
1ca75c04b
In base 7, what is -4552520 + -2?
-4552522
In base 7, what is 0 - -2332324?
2332324
In base 10, what is 11189 - -2465?
13654
In base 9, what is -1043447 + 63?
-1043374
In base 12, what is 4b60 - -6142?
b0a2
In base 15, what is -4 + -6e2724?
-6e2728
In base 3, what is -20200002201201 - -2?
-20200002201122
In base 13, what is 51 - -9a60?
9ab1
In base 13, what is 2586a012 - -3?
2586a015
In base 2, what is -1111000 - -1111100110000111111011?
1111100110000110